{"id":35,"date":"2016-05-27T09:19:08","date_gmt":"2016-05-27T08:19:08","guid":{"rendered":"http:\/\/abbc28.fr\/?page_id=35"},"modified":"2016-05-27T09:19:08","modified_gmt":"2016-05-27T08:19:08","slug":"historique","status":"publish","type":"page","link":"http:\/\/abbc28.fr\/?page_id=35","title":{"rendered":"Historique"},"content":{"rendered":"<div class=\"padd-post-item-entry\">\n<div class=\"texte\">\n<p>Les anc\u00eatres du badminton sont multiples. Un jeu analogue \u00e9tait pratiqu\u00e9 par les Indiens d\u2019Am\u00e9rique latine il y a quelque 2000 ans. En Europe, l\u2019un des anc\u00eatres du badminton est le battledore and shuttlecock pratiqu\u00e9 en Angleterre d\u00e8s le Moyen \u00c2ge, l\u2019objet du jeu \u00e9tant de maintenir en l\u2019air un shuttlecock (volant) \u00e0 l\u2019aide d\u2019une battledore (raquette ou palette). On retrouve des images de jeu du volant au XVII<sup>e<\/sup> si\u00e8cle dans les peintures d\u2019artistes c\u00e9l\u00e8bres de l\u2019\u00e9poque (voir par exemple<i> La Fillette au Volant de Chardin<\/i>).<\/p>\n<figure id=\"attachment_36\" aria-describedby=\"caption-attachment-36\" style=\"width: 237px\" class=\"wp-caption alignright\"><img loading=\"lazy\" decoding=\"async\" class=\"wp-image-36 size-medium\" src=\"http:\/\/abbc28.fr\/wp-content\/uploads\/2016\/05\/Jean-Baptiste_Sim\u00e9on_Chardin_002-237x300.jpg\" alt=\"Jean-Baptiste_Sim\u00e9on_Chardin_002\" width=\"237\" height=\"300\" srcset=\"http:\/\/abbc28.fr\/wp-content\/uploads\/2016\/05\/Jean-Baptiste_Sim\u00e9on_Chardin_002-237x300.jpg 237w, http:\/\/abbc28.fr\/wp-content\/uploads\/2016\/05\/Jean-Baptiste_Sim\u00e9on_Chardin_002-768x973.jpg 768w, http:\/\/abbc28.fr\/wp-content\/uploads\/2016\/05\/Jean-Baptiste_Sim\u00e9on_Chardin_002-808x1024.jpg 808w, http:\/\/abbc28.fr\/wp-content\/uploads\/2016\/05\/Jean-Baptiste_Sim\u00e9on_Chardin_002.jpg 1256w\" sizes=\"auto, (max-width: 237px) 100vw, 237px\" \/><figcaption id=\"caption-attachment-36\" class=\"wp-caption-text\">La Fillette au Volant de Chardin<\/figcaption><\/figure>\n<p>Quant aux r\u00e8gles du badminton actuel, elles furent \u00e9labor\u00e9es en 1873\u00a0: des officiers anglais revenus des Indes, se trouvant r\u00e9unis dans le ch\u00e2teau du Duc de Beaufort \u00e0 Badminton (ville anglaise du Gloucestershire), en vinrent \u00e0 \u00e9voquer le jeu indien du \u00ab\u00a0poona\u00a0\u00bb, qui se pratiquait avec une raquette et une balle l\u00e9g\u00e8re. Ils se mirent alors en t\u00eate d\u2019y jouer. Mais n\u2019ayant pas de balle sous la main, ils d\u00e9cid\u00e8rent d\u2019utiliser un bouchon de champagne, auquel ils attach\u00e8rent quelques plumes. Amus\u00e9s et s\u00e9duits par leur trouvaille, ils d\u00e9cid\u00e8rent de faire conna\u00eetre ce jeu, sous le nom du ch\u00e2teau o\u00f9 il \u00e9tait n\u00e9\u00a0: Badminton. Le nom commun badminton est donc un onomastisme. Quatre ans plus tard, les premi\u00e8res r\u00e8gles du jeu \u00e9taient publi\u00e9es.<\/p>\n<p>Depuis 1934, date de la cr\u00e9ation de la f\u00e9d\u00e9ration internationale de badminton (BWF), plus de 170 pays se sont affili\u00e9s \u00e0 cette f\u00e9d\u00e9ration, sur les 5 continents. Ce qui chiffre \u00e0 plus de 100 millions le nombre de pratiquants sur la plan\u00e8te. Le comit\u00e9 olympique a donc d\u00e9cid\u00e9 d\u2019inscrire cette discipline aux Jeux olympiques de Barcelone en 1992, \u00e0 la suite d\u2019une d\u00e9monstration \u00e0 S\u00e9oul, quatre ann\u00e9es auparavant.<\/p>\n<p>Le simple et double messieurs, le simple et double dames ainsi que le double mixte sont les 5 \u00e9preuves pr\u00e9sent\u00e9es aux JO.<\/p>\n<p>Actuellement, les meilleurs joueurs mondiaux sont originaires de Chine, d\u2019Indon\u00e9sie, de Cor\u00e9e, ou de Malaisie. En Europe, seulement deux pays rivalisent avec les Asiatiques\u00a0: le Danemark et l\u2019Angleterre. \u00c0 Rio en 2016, le badminton sera une \u00e9preuve olympique.<\/p>\n<\/div>\n<\/div>\n","protected":false},"excerpt":{"rendered":"<p>Les anc\u00eatres du badminton sont multiples. Un jeu analogue \u00e9tait pratiqu\u00e9 par les Indiens d\u2019Am\u00e9rique latine il y a quelque<\/p>\n","protected":false},"author":2,"featured_media":0,"parent":25,"menu_order":1,"comment_status":"closed","ping_status":"closed","template":"","meta":{"colormag_page_layout":"default_layout","footnotes":""},"class_list":["post-35","page","type-page","status-publish","hentry"],"_links":{"self":[{"href":"http:\/\/abbc28.fr\/index.php?rest_route=\/wp\/v2\/pages\/35","targetHints":{"allow":["GET"]}}],"collection":[{"href":"http:\/\/abbc28.fr\/index.php?rest_route=\/wp\/v2\/pages"}],"about":[{"href":"http:\/\/abbc28.fr\/index.php?rest_route=\/wp\/v2\/types\/page"}],"author":[{"embeddable":true,"href":"http:\/\/abbc28.fr\/index.php?rest_route=\/wp\/v2\/users\/2"}],"replies":[{"embeddable":true,"href":"http:\/\/abbc28.fr\/index.php?rest_route=%2Fwp%2Fv2%2Fcomments&post=35"}],"version-history":[{"count":5,"href":"http:\/\/abbc28.fr\/index.php?rest_route=\/wp\/v2\/pages\/35\/revisions"}],"predecessor-version":[{"id":41,"href":"http:\/\/abbc28.fr\/index.php?rest_route=\/wp\/v2\/pages\/35\/revisions\/41"}],"up":[{"embeddable":true,"href":"http:\/\/abbc28.fr\/index.php?rest_route=\/wp\/v2\/pages\/25"}],"wp:attachment":[{"href":"http:\/\/abbc28.fr\/index.php?rest_route=%2Fwp%2Fv2%2Fmedia&parent=35"}],"curies":[{"name":"wp","href":"https:\/\/api.w.org\/{rel}","templated":true}]}}